et b(d) = -31*d**2 + 17*d + 26. Let r(k) = -119*k**2 + 66*k + 100. Let g(c) = 23*b(c) - 6*r(c). Determine g(m).
22
Let q(k) = -k**3 - 8*k**2 + 3*k - 2. Let w = -20 + 31. Let c(l) = 3*l**3 + 23*l**2 - 10*l + 6. Let z(g) = w*q(g) + 4*c(g). Calculate z(-5).
12
Let x(a) be the third derivative of a**4/8 - 5*a**3/6 - 911*a**2. Determine x(3).
4
Let p(t) = -t**2 - 9*t - 3. Let i(r) = r. Let a(u) = 6*i(u) + p(u). Let n(h) be the first derivative of a(h). Give n(-4).
5
Let n(c) be the second derivative of 5*c**4/12 + c**3/3 - 2*c**2 - 226*c. Give n(-3).
35
Let u(z) = -z + 6. Let m be u(-5). Let d = m - 6. Let w(c) = d*c - 4*c - c**2 - c**3 - 5 + 0*c**2. Give w(0).
-5
Let q(n) = 22*n - 21. Let c(t) = -28*t + 22. Let a(h) = -4*c(h) - 5*q(h). Give a(-12).
-7
Suppose -11*k + 75 = -6*k. Let y be k/2*(-68)/(-85). Let a(v) be the third derivative of -v**5/60 + v**4/3 - 7*v**3/6 + v**2. Give a(y).
5
Suppose -74 = -21*o + 58*o. Let a(y) = 3*y**2. What is a(o)?
12
Suppose -8*x = -6*x - 5*x. Let z(k) be the second derivative of -1/3*k**4 + 1/2*k**3 + x + 1/20*k**5 + 5*k - 5/2*k**2. Give z(4).
7
Let f(m) = m**2 - 3*m - 3. Let v = 33 + -30. Suppose 0 = 2*l + v - 15. What is f(l)?
15
Let u(d) = d**2 - 9*d + 2. Let m be u(0). Let o(t) = -8*t + 2. What is o(m)?
-14
Let b(c) be the first derivative of 0*c**2 + 7/24*c**4 - 8 - 2*c**3 + 1/40*c**5 + 0*c. Let q(i) be the third derivative of b(i). Calculate q(-5).
-8
Let t(d) be the third derivative of -d**6/120 + d**5/10 - d**4/4 + 6*d**2 - 26*d. Let v(m) = m + 2. Let b be v(2). Calculate t(b).
8
Let d = -2193 + 2187. Let c(o) = -8*o + 7. Calculate c(d).
55
Suppose 4*f + 95 = -5*j, 0 = -4*j - 0*f + 2*f - 50. Let x be ((-5)/j)/(2/24). Suppose -5*g - 16 = x. Let q(z) = -z**2 - 3*z - 1. What is q(g)?
-5
Let n(x) be the third derivative of -x**5/60 + 5*x**3/6 + 47*x**2 + 2*x. What is n(4)?
-11
Let o = 4 - 6. Let v(w) be the third derivative of -1/12*w**4 - 16*w**2 - 1/6*w**3 + 0*w - 1/30*w**5 + 0. Give v(o).
-5
Suppose -227 = 8*l + 133. Let x = 49 + l. Let b(j) = 2*j**2 + 7 + 6*j**3 - 5*j**3 - 6*j - 5*j**2 - 2. What is b(x)?
-3
Suppose -7*w - 24 + 73 = 0. Let c(j) = 0*j + 7 + 6*j - 139*j**2 - j**3 + 145*j**2. Determine c(w).
0
Suppose -9*n + 3*s + 692 = -5*n, 5*n - 5*s = 865. Let q(j) = 168*j - 344*j + 2 + n*j - 4. Give q(-4).
10
Let y(p) = -17*p - 43. Let v(g) = 12*g + 29. Let w(z) = -7*v(z) - 5*y(z). Give w(-7).
5
Suppose -2*g - 14 = -4*m, -m + 5 = 1. Let l be (1 + (-1 - -6))*g. Let d(b) be the first derivative of b**2/2 - 10*b + 1. Determine d(l).
-4
Let c(y) = -y**2 + 13*y + 19. Let n be 12 - (4 + (6 - 12)). What is c(n)?
5
Let f(m) be the third derivative of -9*m**2 + 4/3*m**3 + 1/10*m**5 + 1/120*m**6 + 0 + 1/24*m**4 + 0*m. What is f(-6)?
2
Let v(u) = u**3 + 6*u**2 + 3*u - 6. Let i be v(-5). Let b(n) be the second derivative of n**4/6 - n**3 + 3*n**2/2 + 85*n - 2. Calculate b(i).
11
Let w(c) = 4 - 9 + 6 + 5*c - 6 + 4. Give w(-3).
-16
Let s(l) = -2*l**2 - 2*l. Let v be s(-2). Let k = v - -3. Let j(f) = -25 - 2*f**2 - 25 - 7*f**3 + 51. Give j(k).
6
Let i(w) = -w**2 + w + 9. Let y be 1/2*(-16)/(-4). Suppose y*z = 6*z. Give i(z).
9
Let t(g) = g**3 + 5*g**2 + 5*g. Let q(f) = 9*f + 284. Let k be q(-32). Calculate t(k).
-4
Let j = 8 + -6. Let g(x) = -7*x - 6*x**j + x**3 - 6*x**2 + 3*x**2 - 1 + 4*x**2. What is g(6)?
-7
Let q(f) be the first derivative of -f**4/12 - f**3/3 - f**2 - 5*f - 14. Let z(w) be the first derivative of q(w). What is z(-3)?
-5
Let i(b) = 2*b**2 - 2*b**3 + 3*b**3 + 1 + 0 + 2. Suppose -o = -4*x - 7 - 9, 2 = -o - 2*x. Suppose 0 = o*g - 0*g + 12. Give i(g).
-6
Let x(k) be the first derivative of -3*k**5/20 - k**4/24 + 7*k**3/3 - k - 9. Let n(l) be the third derivative of x(l). Calculate n(-1).
17
Let s(p) = 5 + 121*p**2 + 13*p - 120*p**2 - 3. What is s(-12)?
-10
Suppose 1 = a - 4*z, 2*a + 8*z - 5*z - 2 = 0. Let m(s) = -a + s + 5 - 2*s - 6. Let t(y) = -2*y - 2. Let v be t(-2). Calculate m(v).
-4
Suppose 5*c + 10 = -2*m, -4*m + 3*c - 1 = 45. Let l be (-396)/(-60) + (-4)/m. Suppose -l*f - 42 = -f. Let h(q) = -2*q - 3. Calculate h(f).
11
Let i(f) = -f + 3. Let z be ((1 - 0) + -5)*-3. Let q be 8/(32/z)*(-4)/(-3). Calculate i(q).
-1
Let c(z) = -11*z**2 + 3*z + 5. Let k(v) = 74 - 141 + v + 68 + v**2. Let o(x) = c(x) - 4*k(x). Determine o(1).
-15
Let f(a) be the first derivative of 2*a**3/3 + 3*a**2 - 3*a + 2. Suppose -4*w = 444 - 424. Calculate f(w).
17
Suppose -4*n + 8 = -0. Let s = 6 - n. Let q(l) = -l**2 + 1 - s*l + 2*l + 0*l - 3*l. Calculate q(-5).
1
Let t be (-6)/3*1*-2. Let f(i) = 3*i - 5. Let s(u) = 2 - 4 - 6*u + 7 + 5. Let y(d) = -7*f(d) - 3*s(d). Determine y(t).
-7
Let j(q) = -2*q + 3. Suppose 3*i - 3*t + t + 97 = 0, -10 = -2*t. Let k = i - -25. Give j(k).
11
Let u be 4/9 + 1680/(-378). Let g(l) = -7*l + 3. Give g(u).
31
Let v(s) = 76*s**2 - 150*s**2 + 3*s + 69*s**2 + 1. Determine v(-2).
-25
Suppose -2*h + 11 = 3*k - 2*k, 0 = -4*h + 5*k - 13. Let w(t) = 3*t + 2. Determine w(h).
11
Let u(l) = -l - 3*l - 2*l**2 + 6*l**2 + l**3. Let r = -1591 + 1586. Give u(r).
-5
Let a(h) = -4*h - 4*h + 2 + h + 6*h. Determine a(-5).
7
Let l(z) = -z**3 - z + 3. Let h be l(0). Let s(k) = 2*k**3 + 1. Let w(a) = -11*a**3 - 4*a**2 - 8. Let n(f) = -6*s(f) - w(f). Give n(h).
11
Let m(s) be the second derivative of s**5/20 + s**3/6 + 3*s**2 - s. Let z(a) = -a**3 - 6*a**2 - 7*a - 13. Let y be z(-5). Let u be 0*y/(6/(-2)). Give m(u).
6
Let z(v) = v**2 + 10*v - 37. Let s be z(3). Let c(i) = -i. Let b be c(-3). Let f(j) = 4*j - j - 6*j**b + j**s - 2*j. What is f(-1)?
6
Let s be 5 + (1 - 3) + 4/2. Suppose -s*o + 0 - 23 = 4*d, -16 = o - 3*d. Let j(q) = -q**3 - 6*q**2 + 6*q - 1. Give j(o).
6
Let j(o) = 8*o**3 - o**3 - 3*o - 92 + 6*o - 2*o + 91. Let n = 12 + -6. Suppose 0*m - 2*m = 2*h - n, 3*m = 4*h - 5. Calculate j(m).
7
Let q = 43 - 48. Let a(p) = 4*p**2 + 9*p + 6. Let m(n) = -7*n**2 - 18*n - 12. Let o(l) = q*a(l) - 3*m(l). Determine o(-7).
-8
Suppose 4*i + 11 = q, -2*q = 4*i + 14 + 12. Let c be ((3 - i) + -7)/(1 + -4). Let l(h) = -h**2 + h + 21. Give l(c).
21
Let v = 1227 - 1227. Let w(j) = -j**3 + j - 21. Give w(v).
-21
Let w(r) = -r**3 + 9*r**2 - 9*r + 9. Let z(s) be the third derivative of -3*s**6/40 - s**5/60 + s**4/24 + s**3/6 + 7*s**2. Let f be z(-1). Calculate w(f).
1
Let s(f) = -14*f + 9 + 5 + 4*f - 13 + 4*f**2 - 2*f**2. What is s(4)?
-7
Let h(v) be the second derivative of v**3/3 - v**2/2 - 7*v. Let n(a) = a**2 - 4*a - 3. Let t be n(5). Let p be (-1)/t - 10/(-4). Determine h(p).
3
Let j(s) be the first derivative of s**4/4 - s**2/2 - 10*s + 166. Determine j(0).
-10
Suppose -5*f = -10*f + 20. Suppose 4*b + 0 - f = 0. Let v(s) = 23*s + 1. Give v(b).
24
Let p(a) be the third derivative of a**5/60 - 5*a**4/24 - 2*a**3 + 29*a**2. Let w be p(6). Let x(s) = -s**3 - 5*s**2 + 7*s + 3. Determine x(w).
-3
Let t(b) = 0*b**2 - b + 0*b + 2*b - b**2. Let z(r) = 3 - 3 + 8 + r + 3*r. Let m(l) = t(l) + z(l). What is m(6)?
2
Let q(n) = -3*n**2 + 5*n + 1. Suppose -7 = 2*o - 3*j, o + 22 = 5*j + 1. Give q(o).
-27
Let r(m) = -3*m - 3. Suppose -5*x + y - 25 = 4*y, 4*x + 20 = 5*y. Let q be 1*12/(-16) - x/(-4). Give r(q).
3
Suppose 4*i + i = 0. Let r(a) be the first derivative of 6*a + 0*a**2 - 4 + 1/3*a**3. What is r(i)?
6
Let t(o) = -339*o**2 + 340*o**2 - 4*o**3 + 3*o**3 - o. What is t(2)?
-6
Suppose -3*k = 2 - 8. Let r(s) = -2*s**k + 5*s - 3*s - s**2. Give r(2).
-8
Let d(q) = 2*q + 4. Suppose -2*n + 152 - 130 = 0. What is d(n)?
26
Let v be 2/15*3 + (-16)/(-10). Let w(g) be the first derivative of 0*g**v + 1/4*g**4 - 2*g**3 + 4*g - 8. What is w(6)?
4
Let a = 7 + 0. Suppose -13 - a = -4*k, -p + 10 = 3*k. Let x(n) = -n**3 - 4*n**2 + 7*n + 6. What is x(p)?
-4
Suppose 0*a + 12 = 2*a + 2*k, 0 = 4*a - 3*k + 4. Let s(q) = -a - 8 - 6 - q + 4. Determine s(-6).
-6
Let f be (-1)/(-4) + 5/((-80)/(-28)). Let k(j) = 12*j**2 - 5*j + 3*j**2 + 4*j**f - 2 - 18*j**2. Calculate k(4).
-6
Let y(h) = 2*h**2 + 6. Let f be ((-17)/((-68)/(-40)))/(-11 - -9). Give y(f).
56
Let s(z) = 3*z - 1. Let j be ((-2)/(-3) + (-12)/18)/(-1). Let c = j - 2. Determine s(c).
-7
Let y(s) = s - 7*s**3 - s**2 - 9*s**3 + 0*s. Suppose 12*z + 16 - 64 = 0. Suppose z*a + 25 - 29 = 0. Determine y(a).
-16
Let o(y) be the second derivative of 3*y**5/20 + y**4/12 + 3*y**2 - 26*y. Let m(b) = -8*b**3 - 2